et h be p(-5). What is the hundreds digit of 4/6*m/h?
1
Suppose 19*k - 17*k - 9553 = -7*o, 19043 = 4*k + 5*o. What is the hundreds digit of k?
7
Let g(m) = m**2 - 3*m + 9 - 8 + 1 + 7*m - 6. Let d(f) = f - 10. Let b be d(0). What is the tens digit of g(b)?
5
What is the tens digit of (11 + 37288/(-24))/((-6)/108)?
6
Let y be (-9)/(-18)*(3/(-1) + 3). Suppose -5*s + 5*a = 3*a - 925, y = 4*s - a - 743. What is the hundreds digit of s?
1
What is the tens digit of (5/15)/((-2)/(-6))*(8514 - 332)?
8
Let r be 2 + -6*5/(-15). Suppose 0 = s + 4*s + r*w - 24, -5 = -5*w. Suppose s*x - 1305 = -5*x. What is the hundreds digit of x?
1
Let u(o) = 2*o. Let r be u(6). Let i be 5/(-3)*(9 - r). Suppose -i*g + 46 = f - 2*g, -4*f - 5*g = -177. What is the units digit of f?
3
Let x be 736 + -3 + (-8)/(-1). Let r = x - 493. Suppose -11*w - 12 = -8*w, -w - r = -4*s. What is the tens digit of s?
6
Suppose -4*r = 5*j - 38 - 6, 4*j - 11 = -r. Suppose 15*w - r*w = 20. What is the hundreds digit of (-16)/40 - (-2 + (-1057)/w)?
2
Suppose 532 = 12*w - 8*w. Suppose 2*i = 3*i - o - 70, w = 2*i + 5*o. What is the tens digit of i?
6
Let j(k) = 3*k + 1. Let m(n) = 3*n**3 + 6*n**2 + 4*n + 3. Let h be m(-2). Let y be j(h). What is the tens digit of (y/(-2))/(4/60)?
0
Suppose -777222 = -42*g + 10*g + 580538. What is the units digit of g?
0
Suppose 12 = -73*f + 76*f. Suppose -3*c + 5*d + 6 = -3, f*d + 15 = 5*c. Suppose -n + c*j = -95, -7*j + 243 = 3*n - 2*j. What is the units digit of n?
6
Suppose -2*j + 2 - 17 = -5*y, y - 3*j = 3. Let n(d) = 6*d**2 - 4*d - 1. Let l be n(y). What is the tens digit of l*(-1)/(-4) + 1/(-4)?
1
Suppose 27824 = -12*i + 29*i - 6567. What is the thousands digit of i?
2
What is the thousands digit of (-69558)/(-2) - 1 - (-3)/(120/80)?
4
Let k(j) = -9*j**3 - j**2 - j + 2. Let a = 238 + -165. Let b = 70 - a. What is the hundreds digit of k(b)?
2
Suppose -3*j = -4*p - p + 2079, -j = -2. Let n = p + -215. What is the units digit of n?
2
What is the hundreds digit of 2/(-10) - (-36)/80*(-3955456)/(-96)?
5
Suppose -75*h = m - 78*h - 568, 2*m = 4*h + 1142. What is the units digit of m?
7
What is the thousands digit of (635/(-15))/(5 + 1802/(-360))?
7
Let r = -171 - -177. Let q(k) = 251*k - 300. What is the tens digit of q(r)?
0
Let v(o) = 19*o + 1479. Let y be v(0). Let f = y + 159. What is the tens digit of f?
3
Let p(d) = d**3 + 23*d**2 + 8*d + 47. What is the units digit of p(-15)?
7
Suppose 0 = -3*g - z + 15, -5*g + 0*z = z - 23. Let a be 1/(g + (-7)/2). Suppose 2*v + 82 = 7*v - a*n, 4*v - 56 = 4*n. What is the units digit of v?
8
What is the units digit of (-204944)/(-10) - 4 - (180/25)/(-12)?
1
Let o = -57 + 35. Let q = o - -24. Suppose -5*v - q*j + 330 = 0, -2 + 17 = -3*j. What is the units digit of v?
8
Let v(h) = -25*h**3 + 88*h**2 - 8*h - 35. What is the thousands digit of v(-8)?
8
Suppose 2*k - 20 = -4*n + 4, 42 = 2*k - 2*n. Let m = -31 + k. Let y = m - -14. What is the units digit of y?
1
Let t = 2789 - 2481. What is the tens digit of t?
0
Let f(w) be the second derivative of 0 - 4/3*w**3 + 31/2*w**2 + 35*w. What is the units digit of f(-6)?
9
Let s(o) = 4*o**2 - 267*o - 33. What is the tens digit of s(-9)?
9
Let a = 5 + -46. Let y = -1546 + 1633. Let v = y + a. What is the tens digit of v?
4
Let x(k) = -5*k**3 + 3*k**2 - k + 12. Let a(h) = -11*h**3 + 8*h**2 - h + 24. Let q(s) = -3*a(s) + 7*x(s). What is the units digit of q(-4)?
8
Suppose 2*d = 3*y + 9, y + 2*d = 6*y + 11. Let h be 4 + (-2 - y - 3). Suppose -2*n - 3*n + 345 = h. What is the units digit of n?
9
Let z = -9 - -2. Let d(p) = p**2 + 6*p - 7. Let h be d(z). What is the units digit of h - 1/(2/(-86))?
3
Suppose -b + 0*b + 4 = 4*o, 0 = -5*o - 4*b - 6. Suppose -o*c = -3*x - 1045, 2*c = 2*x - 73 + 1117. What is the hundreds digit of c?
5
What is the units digit of (-2)/(4/(-7)) + (-1577095)/(-494)?
6
Let s(f) be the first derivative of 63*f**2/2 - 335*f + 27. What is the hundreds digit of s(18)?
7
Let y(m) be the second derivative of 4*m**3/3 + 8*m**2 + 92*m. Suppose 0 = -0*t - 3*t + 39. What is the units digit of y(t)?
0
Suppose 4*w - 2*p = 1518, -2*w - 59*p + 57*p + 774 = 0. Let j be 2 - (-596 - 1) - 2. Let n = j - w. What is the units digit of n?
5
Let t(c) = c**2 + 11*c - 21. Let g be t(-13). Suppose -g*q + 7*q + 82 = 0. Let i = 0 - q. What is the tens digit of i?
4
Suppose -2*t = 10, -5*t + 1434 = 3*o + 250. What is the tens digit of o?
0
Suppose 0 = -h + 15*h - 70. Suppose 61 = h*s - 74. What is the tens digit of s?
2
Let s(d) = -1921*d - 2206. What is the thousands digit of s(-36)?
6
Let z = -236 - -228. Let r(o) = 2*o**2 - 19*o + 40. What is the hundreds digit of r(z)?
3
Let p = -208 + 208. Let v(f) = -f**3 - 2*f**2 - 4*f + 336. What is the units digit of v(p)?
6
Let d be ((-3)/2)/(148/(-40) - -4). What is the tens digit of -1 + -1 - (-2 - (-2185)/d)?
3
Let i = 4082 + 18274. What is the units digit of i?
6
Let u = -3 - -127. Suppose 3*r + u = 7*r. Suppose -54 = r*s - 32*s. What is the units digit of s?
4
Let s = 51312 - 23584. What is the tens digit of s?
2
Let p(c) = -6*c**3 - 9*c**2 - 54*c + 22. What is the hundreds digit of p(-13)?
3
Suppose 7*l + 240 = -54. Let w = 54 + l. What is the units digit of w - ((-21)/49 - 36/14)?
5
Suppose 9*h + 3167 = -14653. Let n = h + 2926. What is the units digit of n?
6
Let d(m) = 3*m - 20 + 188 + 34. What is the hundreds digit of d(27)?
2
Let q = -8 + 24. Suppose -7*g + q = 16. Suppose 0 = -3*y + 2*j + 495, g*y + y - 165 = -5*j. What is the units digit of y?
5
Suppose -3*s - 2*a + 1282 = 0, 4*s - 2*s = -4*a + 860. Suppose 9*p + s = 12630. What is the tens digit of p?
5
Suppose 0 = 2*n + i - 11, 5*n - 1 = -4*i + 34. What is the hundreds digit of (n/1)/(-4*27/(-12816))?
3
Suppose 2*u - i = -69 - 113, u + 2*i + 71 = 0. Suppose 146 = -2*y + 482. Let n = u + y. What is the units digit of n?
1
Suppose 0 = -4*v - 22 + 6. Let g = -1 - v. What is the units digit of 4582/145 - g/5?
1
What is the thousands digit of 12890728/2952 - 4/(-18)?
4
Suppose 262*m - 2012490 = 172*m. What is the units digit of m?
1
Let x = -923 - -508. Let u = 534 + x. What is the tens digit of u?
1
Suppose -8*q + 100 = -4*q. Let c be (q - -1 - -1)/(9 + -8). What is the units digit of 2574/c + (-1)/3?
5
Let s(i) = -10*i - 145. Let y be s(-40). Let x = 446 + y. What is the tens digit of x?
0
Suppose 55826 = 2*o + 4*m, 5*o + 0*o - 139490 = 5*m. Suppose -30*p + 5127 = -o. What is the units digit of p?
1
Suppose -351615 = 7*l - 62*l. What is the tens digit of l?
9
Suppose 3*p + 48 = 15*p. Suppose 3*q + 3*a = p*q - 314, -1212 = -4*q + a. What is the hundreds digit of q?
3
Let a(y) = -5*y**2 - 4*y + 15. Let k(n) = -n**2 - n. Let r(d) = a(d) - 6*k(d). What is the units digit of r(6)?
3
Let y be ((-279)/15)/((-5)/75). Let r = 393 - y. Let q = r + -62. What is the tens digit of q?
5
Suppose 0 = 2*l + 28*l - 232740. What is the hundreds digit of l?
7
Let j = 21822 - 13239. What is the hundreds digit of j?
5
Let v = 928 - 1008. What is the hundreds digit of v/(-30)*-3 - -1428?
4
Let y be (180 - 5)*(0 - -1). Let x = y - 118. Suppose 62*z - 85 = x*z. What is the tens digit of z?
1
Let k = -3116 + 4288. What is the units digit of k?
2
Let u be 1*4 + (-37 - -42). Suppose -2*j = -81 + 25. Let v = u + j. What is the tens digit of v?
3
Let q(g) = g**2 - 7*g + 3. Let p be q(8). Suppose -9*o + 3*x - 468 = -p*o, -4*o + 936 = 3*x. What is the tens digit of o?
3
Let b = -3958 - -6605. What is the thousands digit of b?
2
Let j(a) = -25*a**3 + 5*a**2 + a - 9. Suppose -30*m - 2*m = 96. What is the tens digit of j(m)?
0
Let h be -66 + 5 + -3 + -4. Let r = 426 - 300. Let y = h + r. What is the units digit of y?
8
Let p(c) = 10*c**3 + 7*c**2 - 554*c + 135. What is the thousands digit of p(19)?
0
Let u(z) = z**2 - 35*z - 856. What is the units digit of u(58)?
8
Let l = -376 - -252. Let u be -4 - 2*l - 2. Suppose 82*f = 84*f - u. What is the tens digit of f?
2
Let l(z) = -z**2 + z - 1. Let i(n) = -2*n**2 - 8*n - 32. Let d(m) = i(m) - 4*l(m). What is the hundreds digit of d(12)?
1
Let z be 3*-8*(-5)/40. Suppose 2*w - 1261 = -z*j, -4*j - 3*w + 722 = -961. What is the units digit of j?
7
Let c(h) be the first derivative of -3*h**2/2 - 3*h + 10. Let w be c(-1). Suppose -6*j + 10*j - 384 = w. What is the tens digit of